{"id":818,"date":"2024-05-24T14:21:56","date_gmt":"2024-05-24T12:21:56","guid":{"rendered":"https:\/\/jrsbelgium.org\/\/?page_id=818"},"modified":"2025-02-17T15:08:45","modified_gmt":"2025-02-17T14:08:45","slug":"sensibilisation","status":"publish","type":"page","link":"https:\/\/jrsbelgium.org\/fr\/notre-travail\/sensibilisation\/","title":{"rendered":"Sensibilisation"},"content":{"rendered":"<p>Comment amener \u00e0 l&rsquo;ext\u00e9rieur les informations que nous recueillons dans les centres de d\u00e9tention\u00a0?<\/p>\n<p>Porter la voix des gens en centre de d\u00e9tention administrative est le moyen id\u00e9al d&rsquo;informer le monde ext\u00e9rieur de la dynamique ou des cons\u00e9quences humaines, mais aussi de formuler des solutions possibles. Mais ce n&rsquo;est pas si simple. Lors de nos visites, nous ne sommes pas autoris\u00e9s \u00e0 apporter des t\u00e9l\u00e9phones ou ordinateurs portables. Les personnes elles-m\u00eames disposent d&rsquo;un cr\u00e9dit d&rsquo;appel limit\u00e9, qu&rsquo;elles souhaitent surtout utiliser pour contacter leur famille. Coucher des histoires sur papier est une mani\u00e8re de faire, et vous pouvez en lire ici, sur notre site web, et dans nos bulletins d&rsquo;information.<\/p>\n<p>L&rsquo;option suivante consiste \u00e0 donner la parole \u00e0 celles et ceux qui ont personnellement d\u00fb fuir et sont (encore) libres de s\u00e9journer sur le territoire belge. C&rsquo;est ce que nous faisons avec notre projet Change dans les \u00e9coles secondaires. Nos coll\u00e8gues se rendent aussi r\u00e9guli\u00e8rement dans des \u00e9coles avec ces t\u00e9moins et y racontent ce qu&rsquo;ils et elles voient lors de leurs visites hebdomadaires dans les centres.<br \/>\nCe programme repose sur la conviction que les jeunes fa\u00e7onneront notre avenir et qu&rsquo;ils le feront de mani\u00e8re plus critique s&rsquo;ils ont appris \u00e0 porter un regard critique sur la mani\u00e8re dont la migration et les r\u00e9fugi\u00e9\u00b7es sont actuellement trait\u00e9\u00b7es. Le programme Change ne se contente pas de sensibiliser les jeunes et les enseignant\u00b7es, il vise \u00e9galement \u00e0 les inciter \u00e0 diffuser activement le message dans leur entourage et\/ou \u00e0 se retrousser les manches pour apporter eux-m\u00eames des changements.<\/p>\n<p>Nous essayons \u00e9galement d&rsquo;atteindre les jeunes, par exemple en collaboration avec l&rsquo;universit\u00e9 d&rsquo;Anvers dans le cadre de leur programme Community Service o\u00f9 des \u00e9tudiants viennent travailler r\u00e9guli\u00e8rement au sein de notre organisation pendant un an, y r\u00e9fl\u00e9chissent avec d&rsquo;autres et r\u00e9digent \u00e9galement leur propre rapport de recherche sur un th\u00e8me qui peut nous \u00eatre utile en tant qu&rsquo;organisation.<\/p>\n<p><span data-teams=\"true\">Le programme Change a \u00e9t\u00e9 actualis\u00e9 sous le nom de Together For Change (pour plus d&rsquo;information <a href=\"https:\/\/jrschange.org\/projects\/together-for-change\/\">cliquez ici<\/a><a id=\"menurt2\" class=\"fui-Link ___1q1shib f2hkw1w f3rmtva f1ewtqcl fyind8e f1k6fduh f1w7gpdv fk6fouc fjoy568 figsok6 f1s184ao f1mk8lai fnbmjn9 f1o700av f13mvf36 f1cmlufx f9n3di6 f1ids18y f1tx3yz7 f1deo86v f1eh06m1 f1iescvh fhgqx19 f1olyrje f1p93eir f1nev41a f1h8hb77 f1lqvz6u f10aw75t fsle3fq f17ae5zn\" title=\"https:\/\/jrschange.org\/projects\/together-for-change\/)\" href=\"https:\/\/jrschange.org\/projects\/together-for-change\/)\" target=\"_blank\" rel=\"noreferrer noopener\" aria-label=\"Lien https:\/\/jrschange.org\/projects\/together-for-change\/)\">)<\/a>. Vous \u00eates une personne avec un parcours de migration que vous souhaiteriez partager avec des \u00e9l\u00e8ves ? Vous faites partie d\u2019une organisation de personnes migrantes et r\u00e9fugi\u00e9es et vous souhaitez mettre en place une action avec des \u00e9l\u00e8ves ? Vous \u00eates un professeur et vous souhaitez participer au programme Together For Change avec votre classe ? N\u2019h\u00e9sitez pas \u00e0 nous contacter par mail: marie@jrsbelgium.org.<\/span><\/p>\n<p>&nbsp;<\/p>\n<p><a href=\"https:\/\/jrsbelgium.org\/fr\/notre-travail\/sensibilisation\/fr-finance-par-lunion-europeenne-pos\/\" rel=\"attachment wp-att-1520\"><img loading=\"lazy\" decoding=\"async\" class=\"wp-image-1520 alignleft\" src=\"https:\/\/jrsbelgium.org\/wp-content\/uploads\/2025\/01\/FR-Finance-par-lUnion-europeenne-POS-scaled.jpg\" alt=\"\" width=\"415\" height=\"87\" srcset=\"https:\/\/jrsbelgium.org\/wp-content\/uploads\/2025\/01\/FR-Finance-par-lUnion-europeenne-POS-scaled.jpg 2560w, https:\/\/jrsbelgium.org\/wp-content\/uploads\/2025\/01\/FR-Finance-par-lUnion-europeenne-POS-300x63.jpg 300w, https:\/\/jrsbelgium.org\/wp-content\/uploads\/2025\/01\/FR-Finance-par-lUnion-europeenne-POS-1024x215.jpg 1024w, https:\/\/jrsbelgium.org\/wp-content\/uploads\/2025\/01\/FR-Finance-par-lUnion-europeenne-POS-768x161.jpg 768w, https:\/\/jrsbelgium.org\/wp-content\/uploads\/2025\/01\/FR-Finance-par-lUnion-europeenne-POS-1536x322.jpg 1536w, https:\/\/jrsbelgium.org\/wp-content\/uploads\/2025\/01\/FR-Finance-par-lUnion-europeenne-POS-2048x430.jpg 2048w\" sizes=\"auto, (max-width: 415px) 100vw, 415px\" \/><\/a><a href=\"https:\/\/jrsbelgium.org\/fr\/notre-travail\/sensibilisation\/logochangewhiteline\/\" rel=\"attachment wp-att-1526\"><img loading=\"lazy\" decoding=\"async\" class=\"aligncenter wp-image-1526\" src=\"https:\/\/jrsbelgium.org\/wp-content\/uploads\/2025\/01\/LogoChangeWhiteLine.jpg\" alt=\"\" width=\"247\" height=\"160\" srcset=\"https:\/\/jrsbelgium.org\/wp-content\/uploads\/2025\/01\/LogoChangeWhiteLine.jpg 800w, https:\/\/jrsbelgium.org\/wp-content\/uploads\/2025\/01\/LogoChangeWhiteLine-300x194.jpg 300w, https:\/\/jrsbelgium.org\/wp-content\/uploads\/2025\/01\/LogoChangeWhiteLine-768x496.jpg 768w\" sizes=\"auto, (max-width: 247px) 100vw, 247px\" \/><\/a> <a href=\"https:\/\/jrsbelgium.org\/fr\/notre-travail\/sensibilisation\/t4c\/\" rel=\"attachment wp-att-1522\"><img loading=\"lazy\" decoding=\"async\" class=\"wp-image-1522 alignleft\" src=\"https:\/\/jrsbelgium.org\/wp-content\/uploads\/2025\/01\/T4C.png\" alt=\"\" width=\"252\" height=\"170\" srcset=\"https:\/\/jrsbelgium.org\/wp-content\/uploads\/2025\/01\/T4C.png 367w, https:\/\/jrsbelgium.org\/wp-content\/uploads\/2025\/01\/T4C-300x203.png 300w\" sizes=\"auto, (max-width: 252px) 100vw, 252px\" \/><\/a> <a href=\"https:\/\/jrsbelgium.org\/fr\/notre-travail\/sensibilisation\/logo-fjfp\/\" rel=\"attachment wp-att-1524\"><img loading=\"lazy\" decoding=\"async\" class=\"aligncenter wp-image-1524\" src=\"https:\/\/jrsbelgium.org\/wp-content\/uploads\/2025\/01\/Logo-FJFP.png\" alt=\"\" width=\"176\" height=\"175\" srcset=\"https:\/\/jrsbelgium.org\/wp-content\/uploads\/2025\/01\/Logo-FJFP.png 254w, https:\/\/jrsbelgium.org\/wp-content\/uploads\/2025\/01\/Logo-FJFP-150x150.png 150w\" sizes=\"auto, (max-width: 176px) 100vw, 176px\" \/><\/a><\/p>\n","protected":false},"excerpt":{"rendered":"<p>Comment amener \u00e0 l&rsquo;ext\u00e9rieur les informations que nous recueillons dans les centres de d\u00e9tention\u00a0? Porter la voix des gens en centre de d\u00e9tention administrative est le moyen id\u00e9al d&rsquo;informer le monde ext\u00e9rieur de la dynamique ou des cons\u00e9quences humaines, mais aussi de formuler des solutions possibles. Mais ce n&rsquo;est pas si simple. Lors de nos [&hellip;]<\/p>\n","protected":false},"author":1,"featured_media":465,"parent":181,"menu_order":18,"comment_status":"closed","ping_status":"closed","template":"","meta":{"footnotes":""},"class_list":["post-818","page","type-page","status-publish","has-post-thumbnail","hentry"],"acf":[],"_links":{"self":[{"href":"https:\/\/jrsbelgium.org\/fr\/wp-json\/wp\/v2\/pages\/818","targetHints":{"allow":["GET"]}}],"collection":[{"href":"https:\/\/jrsbelgium.org\/fr\/wp-json\/wp\/v2\/pages"}],"about":[{"href":"https:\/\/jrsbelgium.org\/fr\/wp-json\/wp\/v2\/types\/page"}],"author":[{"embeddable":true,"href":"https:\/\/jrsbelgium.org\/fr\/wp-json\/wp\/v2\/users\/1"}],"replies":[{"embeddable":true,"href":"https:\/\/jrsbelgium.org\/fr\/wp-json\/wp\/v2\/comments?post=818"}],"version-history":[{"count":2,"href":"https:\/\/jrsbelgium.org\/fr\/wp-json\/wp\/v2\/pages\/818\/revisions"}],"predecessor-version":[{"id":1568,"href":"https:\/\/jrsbelgium.org\/fr\/wp-json\/wp\/v2\/pages\/818\/revisions\/1568"}],"up":[{"embeddable":true,"href":"https:\/\/jrsbelgium.org\/fr\/wp-json\/wp\/v2\/pages\/181"}],"wp:featuredmedia":[{"embeddable":true,"href":"https:\/\/jrsbelgium.org\/fr\/wp-json\/wp\/v2\/media\/465"}],"wp:attachment":[{"href":"https:\/\/jrsbelgium.org\/fr\/wp-json\/wp\/v2\/media?parent=818"}],"curies":[{"name":"wp","href":"https:\/\/api.w.org\/{rel}","templated":true}]}}

<p>Comment amener à l&rsquo;extérieur les informations que nous recueillons dans les centres de détention ?</p>
<p>Porter la voix des gens en centre de détention administrative est le moyen idéal d&rsquo;informer le monde extérieur de la dynamique ou des conséquences humaines, mais aussi de formuler des solutions possibles. Mais ce n&rsquo;est pas si simple. Lors de nos visites, nous ne sommes pas autorisés à apporter des téléphones ou ordinateurs portables. Les personnes elles-mêmes disposent d&rsquo;un crédit d&rsquo;appel limité, qu&rsquo;elles souhaitent surtout utiliser pour contacter leur famille. Coucher des histoires sur papier est une manière de faire, et vous pouvez en lire ici, sur notre site web, et dans nos bulletins d&rsquo;information.</p>
<p>L&rsquo;option suivante consiste à donner la parole à celles et ceux qui ont personnellement dû fuir et sont (encore) libres de séjourner sur le territoire belge. C&rsquo;est ce que nous faisons avec notre projet Change dans les écoles secondaires. Nos collègues se rendent aussi régulièrement dans des écoles avec ces témoins et y racontent ce qu&rsquo;ils et elles voient lors de leurs visites hebdomadaires dans les centres.<br />
Ce programme repose sur la conviction que les jeunes façonneront notre avenir et qu&rsquo;ils le feront de manière plus critique s&rsquo;ils ont appris à porter un regard critique sur la manière dont la migration et les réfugié·es sont actuellement traité·es. Le programme Change ne se contente pas de sensibiliser les jeunes et les enseignant·es, il vise également à les inciter à diffuser activement le message dans leur entourage et/ou à se retrousser les manches pour apporter eux-mêmes des changements.</p>
<p>Nous essayons également d&rsquo;atteindre les jeunes, par exemple en collaboration avec l&rsquo;université d&rsquo;Anvers dans le cadre de leur programme Community Service où des étudiants viennent travailler régulièrement au sein de notre organisation pendant un an, y réfléchissent avec d&rsquo;autres et rédigent également leur propre rapport de recherche sur un thème qui peut nous être utile en tant qu&rsquo;organisation.</p>
<p><span data-teams="true">Le programme Change a été actualisé sous le nom de Together For Change (pour plus d&rsquo;information <a href="https://jrschange.org/projects/together-for-change/">cliquez ici</a><a id="menurt2" class="fui-Link ___1q1shib f2hkw1w f3rmtva f1ewtqcl fyind8e f1k6fduh f1w7gpdv fk6fouc fjoy568 figsok6 f1s184ao f1mk8lai fnbmjn9 f1o700av f13mvf36 f1cmlufx f9n3di6 f1ids18y f1tx3yz7 f1deo86v f1eh06m1 f1iescvh fhgqx19 f1olyrje f1p93eir f1nev41a f1h8hb77 f1lqvz6u f10aw75t fsle3fq f17ae5zn" title="https://jrschange.org/projects/together-for-change/)" href="https://jrschange.org/projects/together-for-change/)" target="_blank" rel="noreferrer noopener" aria-label="Lien https://jrschange.org/projects/together-for-change/)">)</a>. Vous êtes une personne avec un parcours de migration que vous souhaiteriez partager avec des élèves ? Vous faites partie d’une organisation de personnes migrantes et réfugiées et vous souhaitez mettre en place une action avec des élèves ? Vous êtes un professeur et vous souhaitez participer au programme Together For Change avec votre classe ? N’hésitez pas à nous contacter par mail: marie@jrsbelgium.org.</span></p>
<p>&nbsp;</p>
<p><a href="https://jrsbelgium.org/fr/notre-travail/sensibilisation/fr-finance-par-lunion-europeenne-pos/" rel="attachment wp-att-1520"><img loading="lazy" decoding="async" class="wp-image-1520 alignleft" src="https://jrsbelgium.org/wp-content/uploads/2025/01/FR-Finance-par-lUnion-europeenne-POS-scaled.jpg" alt="" width="415" height="87" srcset="https://jrsbelgium.org/wp-content/uploads/2025/01/FR-Finance-par-lUnion-europeenne-POS-scaled.jpg 2560w, https://jrsbelgium.org/wp-content/uploads/2025/01/FR-Finance-par-lUnion-europeenne-POS-300x63.jpg 300w, https://jrsbelgium.org/wp-content/uploads/2025/01/FR-Finance-par-lUnion-europeenne-POS-1024x215.jpg 1024w, https://jrsbelgium.org/wp-content/uploads/2025/01/FR-Finance-par-lUnion-europeenne-POS-768x161.jpg 768w, https://jrsbelgium.org/wp-content/uploads/2025/01/FR-Finance-par-lUnion-europeenne-POS-1536x322.jpg 1536w, https://jrsbelgium.org/wp-content/uploads/2025/01/FR-Finance-par-lUnion-europeenne-POS-2048x430.jpg 2048w" sizes="auto, (max-width: 415px) 100vw, 415px" /></a><a href="https://jrsbelgium.org/fr/notre-travail/sensibilisation/logochangewhiteline/" rel="attachment wp-att-1526"><img loading="lazy" decoding="async" class="aligncenter wp-image-1526" src="https://jrsbelgium.org/wp-content/uploads/2025/01/LogoChangeWhiteLine.jpg" alt="" width="247" height="160" srcset="https://jrsbelgium.org/wp-content/uploads/2025/01/LogoChangeWhiteLine.jpg 800w, https://jrsbelgium.org/wp-content/uploads/2025/01/LogoChangeWhiteLine-300x194.jpg 300w, https://jrsbelgium.org/wp-content/uploads/2025/01/LogoChangeWhiteLine-768x496.jpg 768w" sizes="auto, (max-width: 247px) 100vw, 247px" /></a> <a href="https://jrsbelgium.org/fr/notre-travail/sensibilisation/t4c/" rel="attachment wp-att-1522"><img loading="lazy" decoding="async" class="wp-image-1522 alignleft" src="https://jrsbelgium.org/wp-content/uploads/2025/01/T4C.png" alt="" width="252" height="170" srcset="https://jrsbelgium.org/wp-content/uploads/2025/01/T4C.png 367w, https://jrsbelgium.org/wp-content/uploads/2025/01/T4C-300x203.png 300w" sizes="auto, (max-width: 252px) 100vw, 252px" /></a> <a href="https://jrsbelgium.org/fr/notre-travail/sensibilisation/logo-fjfp/" rel="attachment wp-att-1524"><img loading="lazy" decoding="async" class="aligncenter wp-image-1524" src="https://jrsbelgium.org/wp-content/uploads/2025/01/Logo-FJFP.png" alt="" width="176" height="175" srcset="https://jrsbelgium.org/wp-content/uploads/2025/01/Logo-FJFP.png 254w, https://jrsbelgium.org/wp-content/uploads/2025/01/Logo-FJFP-150x150.png 150w" sizes="auto, (max-width: 176px) 100vw, 176px" /></a></p>

<p>Comment amener à l&rsquo;extérieur les informations que nous recueillons dans les centres de détention ? Porter la voix des gens en centre de détention administrative est le moyen idéal d&rsquo;informer le monde extérieur de la dynamique ou des conséquences humaines, mais aussi de formuler des solutions possibles. Mais ce n&rsquo;est pas si simple. Lors de nos [&hellip;]</p>
